e remainder when 6713 is divided by 1863.
1124
What is the remainder when 90961 is divided by 45479?
3
What is the remainder when 709985 is divided by 44374?
1
What is the remainder when 3942 is divided by 1299?
45
Calculate the remainder when 13756 is divided by 529.
2
Calculate the remainder when 2805 is divided by 838.
291
Calculate the remainder when 941412 is divided by 3.
0
What is the remainder when 788629 is divided by 462?
457
Calculate the remainder when 16353 is divided by 986.
577
What is the remainder when 50013 is divided by 115?
103
Calculate the remainder when 2198 is divided by 1025.
148
Calculate the remainder when 53880 is divided by 13465.
20
Calculate the remainder when 17616 is divided by 29.
13
Calculate the remainder when 396147 is divided by 73.
49
Calculate the remainder when 505 is divided by 166.
7
What is the remainder when 711 is divided by 247?
217
Calculate the remainder when 2759 is divided by 536.
79
What is the remainder when 7953 is divided by 706?
187
Calculate the remainder when 6457 is divided by 296.
241
What is the remainder when 5347456 is divided by 853?
852
What is the remainder when 13706 is divided by 10?
6
What is the remainder when 129918 is divided by 8661?
3
Calculate the remainder when 161915 is divided by 13492.
11
Calculate the remainder when 3376 is divided by 178.
172
What is the remainder when 2865028 is divided by 490?
488
What is the remainder when 121 is divided by 59?
3
What is the remainder when 1212 is divided by 156?
120
Calculate the remainder when 9517 is divided by 4095.
1327
What is the remainder when 12064 is divided by 47?
32
Calculate the remainder when 2488 is divided by 100.
88
What is the remainder when 1723848 is divided by 50?
48
What is the remainder when 104786 is divided by 3492?
26
Calculate the remainder when 14325 is divided by 281.
275
Calculate the remainder when 5955 is divided by 175.
5
Calculate the remainder when 11387 is divided by 72.
11
What is the remainder when 13150 is divided by 50?
0
What is the remainder when 31816 is divided by 74?
70
What is the remainder when 11657 is divided by 332?
37
Calculate the remainder when 336542 is divided by 19.
14
Calculate the remainder when 271185 is divided by 558.
555
Calculate the remainder when 5402 is divided by 901.
897
Calculate the remainder when 13912 is divided by 40.
32
What is the remainder when 2199 is divided by 717?
48
Calculate the remainder when 23472 is divided by 7.
1
What is the remainder when 167958 is divided by 13?
11
Calculate the remainder when 4995 is divided by 179.
162
Calculate the remainder when 3086 is divided by 70.
6
Calculate the remainder when 505 is divided by 499.
6
Calculate the remainder when 1455629 is divided by 2005.
2004
Calculate the remainder when 82132 is divided by 27377.
1
Calculate the remainder when 8474 is divided by 82.
28
What is the remainder when 49356 is divided by 24673?
10
What is the remainder when 1622724 is divided by 17?
6
What is the remainder when 9688 is divided by 17?
15
What is the remainder when 10694 is divided by 1193?
1150
What is the remainder when 75387 is divided by 66?
15
Calculate the remainder when 267713 is divided by 417.
416
Calculate the remainder when 7462 is divided by 587.
418
Calculate the remainder when 127972 is divided by 921.
874
Calculate the remainder when 712515 is divided by 149.
146
What is the remainder when 19435 is divided by 372?
91
What is the remainder when 1148571 is divided by 104?
99
Calculate the remainder when 32637 is divided by 68.
65
Calculate the remainder when 1943 is divided by 59.
55
Calculate the remainder when 49475 is divided by 2597.
132
Calculate the remainder when 2051 is divided by 79.
76
What is the remainder when 6967 is divided by 1424?
1271
What is the remainder when 47931 is divided by 11950?
131
What is the remainder when 1806 is divided by 1787?
19
Calculate the remainder when 7322 is divided by 559.
55
What is the remainder when 36266 is divided by 23?
18
What is the remainder when 35303 is divided by 106?
5
What is the remainder when 3464 is divided by 74?
60
What is the remainder when 1907906 is divided by 258?
254
What is the remainder when 3904 is divided by 28?
12
Calculate the remainder when 4527 is divided by 50.
27
Calculate the remainder when 2209 is divided by 806.
597
What is the remainder when 48468 is divided by 16?
4
Calculate the remainder when 96276 is divided by 32092.
0
What is the remainder when 6722 is divided by 839?
10
What is the remainder when 7691 is divided by 229?
134
What is the remainder when 4871 is divided by 810?
11
Calculate the remainder when 14835 is divided by 1642.
57
What is the remainder when 29762 is divided by 2701?
51
Calculate the remainder when 2159 is divided by 204.
119
Calculate the remainder when 1456352 is divided by 1452.
1448
Calculate the remainder when 368181 is divided by 184063.
55
What is the remainder when 9617 is divided by 62?
7
Calculate the remainder when 13209 is divided by 368.
329
Calculate the remainder when 2005 is divided by 537.
394
Calculate the remainder when 118348 is divided by 150.
148
What is the remainder when 30203 is divided by 17?
11
What is the remainder when 94323 is divided by 47157?
9
Calculate the remainder when 583268 is divided by 18815.
3
Calculate the remainder when 1573 is divided by 418.
319
What is the remainder when 40183 is divided by 256?
247
What is the remainder when 11837 is divided by 254?
153
What is the remainder when 12026 is divided by 5997?
32
What is the remainder when 5009 is divided by 260?
69
What is the remainder when 1978 is divided by 931?
116
Calculate the remainder when 16804 is divided by 300.
4
What is the remainder when 60706 is divided by 33?
19
What is the remainder when 115530 is divided by 95?
10
What is the remainder when 12805 is divided by 143?
78
What is the remainder when 26146 is divided by 804?
418
Calculate the remainder when 1593 is divided by 1021.
572
What is the remainder when 24368 is divided by 1912?
1424
What is the remainder when 257747 is divided by 12?
11
What is the remainder when 77577 is divided by 18?
15
Calculate the remainder when 549 is divided by 101.
44
What is the remainder when 517 is divided by 423?
94
Calculate the remainder when 7296 is divided by 487.
478
Calculate the remainder when 593220 is divided by 14.
12
Calculate the remainder when 18393 is divided by 4583.
61
What is the remainder when 2621 is divided by 91?
73
What is the remainder when 4817 is divided by 322?
309
Calculate the remainder when 3093 is divided by 454.
369
Calculate the remainder when 125 is divided by 29.
9
Calculate the remainder when 23815 is divided by 21.
1
What is the remainder when 39859 is divided by 4426?
25
Calculate the remainder when 100841 is divided by 8.
1
Calculate the remainder when 19263 is divided by 917.
6
What is the remainder when 199744 is divided by 1722?
1714
What is the remainder when 427971 is divided by 105?
96
What is the remainder when 14317 is divided by 318?
7
Calculate the remainder when 9312 is divided by 1856.
32
Calculate the remainder when 2864 is divided by 706.
40
What is the remainder when 29034 is divided by 88?
82
Calculate the remainder when 27141 is divided by 55.
26
What is the remainder when 26311 is divided by 184?
183
Calculate the remainder when 61545 is divided by 4099.
60
What is the remainder when 13489 is divided by 4495?
4
What is the remainder when 829447 is divided by 13?
8
What is the remainder when 67303 is divided by 26?
15
What is the remainder when 12620 is divided by 1277?
1127
What is the remainder when 186911 is divided by 11?
10
What is the remainder when 14117 is divided by 30?
17
What is the remainder when 90787 is divided by 2932?
2827
What is the remainder when 325216 is divided by 8130?
16
Calculate the remainder when 25969 is divided by 30.
19
Calculate the remainder when 615 is divided by 318.
297
Calculate the remainder when 59165 is divided by 568.
93
Calculate the remainder when 62455 is divided by 45.
40
What is the remainder when 733 is divided by 3?
1
Calculate the remainder when 6488 is divided by 364.
300
What is the remainder when 1319 is divided by 1018?
301
What is the remainder when